 3, 31, 12919891
What are the prime factors of 17693642?
2, 8846821
What are the prime factors of 7267703781?
3, 13, 43, 4333753
List the prime factors of 301773944.
2, 53, 711731
What are the prime factors of 43304567?
241, 179687
What are the prime factors of 1279956412?
2, 7, 29, 61, 25841
What are the prime factors of 112302357?
3, 17, 2202007
List the prime factors of 46443939.
3, 41, 377593
List the prime factors of 76830194.
2, 7, 1627, 3373
What are the prime factors of 7418862369?
3, 43, 19170187
List the prime factors of 22005244.
2, 503, 10937
What are the prime factors of 458221992?
2, 3, 19092583
What are the prime factors of 463069647?
3, 17, 1453, 2083
What are the prime factors of 119762773?
13, 17, 149, 3637
List the prime factors of 27918333.
3, 53, 107, 547
List the prime factors of 131970865.
5, 13, 19, 106859
What are the prime factors of 1408483561?
563, 1249, 2003
What are the prime factors of 492562643?
41, 673, 17851
List the prime factors of 212472821.
11, 29, 61, 179
List the prime factors of 1380068751.
3, 460022917
List the prime factors of 807658278.
2, 3, 7, 97, 127, 223
What are the prime factors of 76634239?
11, 19, 61, 6011
What are the prime factors of 189829710?
2, 3, 5, 7, 47, 2137
What are the prime factors of 37095024?
2, 3, 83, 9311
List the prime factors of 153283924.
2, 38320981
What are the prime factors of 182559189?
3, 53, 1148171
What are the prime factors of 34116008?
2, 17, 250853
List the prime factors of 74095908.
2, 3, 53, 113, 1031
List the prime factors of 1911562917.
3, 11, 61, 949609
List the prime factors of 2808182150.
2, 5, 56163643
What are the prime factors of 1155681747?
3, 11, 11673553
What are the prime factors of 215540704?
2, 6735647
What are the prime factors of 2133895920?
2, 3, 5, 13, 223, 3067
List the prime factors of 2562971216.
2, 13, 12321977
What are the prime factors of 799582692?
2, 3, 17, 3919523
What are the prime factors of 339731693?
7, 48533099
List the prime factors of 648959817.
3, 11, 19665449
List the prime factors of 20968290.
2, 3, 5, 7, 83, 401
List the prime factors of 394545727.
53, 983, 7573
What are the prime factors of 3057659809?
227, 13469867
List the prime factors of 2796298035.
3, 5, 186419869
What are the prime factors of 3916944826?
2, 233, 8405461
List the prime factors of 119571802.
2, 7, 23, 371341
List the prime factors of 84471166.
2, 13, 3248891
List the prime factors of 232162829.
17, 71, 192347
What are the prime factors of 1451117851?
1451117851
List the prime factors of 5697740096.
2, 89027189
List the prime factors of 593605164.
2, 3, 49467097
List the prime factors of 4071365993.
71, 57343183
What are the prime factors of 8057400?
2, 3, 5, 13, 1033
List the prime factors of 49771691.
199, 250109
List the prime factors of 45105058.
2, 137, 164617
List the prime factors of 103833009.
3, 7, 26161
List the prime factors of 2493126888.
2, 3, 7, 31, 478711
What are the prime factors of 455924680?
2, 5, 11398117
What are the prime factors of 4506127908?
2, 3, 375510659
What are the prime factors of 1079462227?
41, 83, 317209
List the prime factors of 365066873.
365066873
List the prime factors of 1101312327.
3, 1013, 362393
What are the prime factors of 48411127?
491, 98597
List the prime factors of 262832658.
2, 3, 11, 761, 5233
What are the prime factors of 1838896782?
2, 3, 23, 251, 53089
List the prime factors of 1040765387.
23, 31, 449, 3251
What are the prime factors of 302731534?
2, 7, 21623681
What are the prime factors of 1144132344?
2, 3, 5296909
What are the prime factors of 964566684?
2, 3, 593, 15061
What are the prime factors of 6242318?
2, 59, 52901
What are the prime factors of 52480255?
5, 439, 23909
List the prime factors of 7884564408.
2, 3, 7, 5214659
List the prime factors of 2487135886.
2, 1243567943
What are the prime factors of 482970018?
2, 3, 31, 2596613
What are the prime factors of 25120629?
3, 2791181
What are the prime factors of 34429709?
17, 41, 47, 1051
List the prime factors of 23700317.
1301, 18217
What are the prime factors of 1153485944?
2, 13, 31, 357781
What are the prime factors of 139309070?
2, 5, 37, 376511
What are the prime factors of 2549239801?
37, 263, 261971
List the prime factors of 3921770545.
5, 7, 11, 17, 223, 2687
What are the prime factors of 7298526871?
37, 2333, 84551
What are the prime factors of 42598082?
2, 21299041
What are the prime factors of 7241553?
3, 11, 193, 379
What are the prime factors of 2762186610?
2, 3, 5, 23, 191, 20959
List the prime factors of 68133101.
68133101
What are the prime factors of 965944374?
2, 3, 160990729
List the prime factors of 198437832.
2, 3, 919, 2999
What are the prime factors of 48201009?
3, 53, 303151
List the prime factors of 85297054.
2, 223, 191249
List the prime factors of 32206741.
7, 4600963
What are the prime factors of 928811962?
2, 13, 37, 53, 18217
What are the prime factors of 1402752409?
163, 8605843
List the prime factors of 910087942.
2, 455043971
List the prime factors of 59946464.
2, 23, 79, 1031
List the prime factors of 6677055.
3, 5, 7, 11, 41, 47
What are the prime factors of 239776372?
2, 11, 71, 76753
List the prime factors of 8336735.
5, 11, 41, 3697
List the prime factors of 379492441.
13109, 28949
What are the prime factors of 1170392181?
3, 7, 55732961
List the prime factors of 4578383.
4578383
What are the prime factors of 787964659?
23, 97, 151, 2339
List the prime factors of 1336220738.
2, 37, 61, 296017
List the prime factors of 33810450.
2, 3, 5, 17, 13259
List the prime factors of 11000182.
2, 139, 39569
What are the prime factors of 312431261?
7537, 41453
What are the prime factors of 252146450?
2, 5, 5042929
List the prime factors of 7020134.
2, 11, 319097
What are the prime factors of 64549184?
2, 7, 149, 967
What are the prime factors of 1630355099?
1630355099
What are the prime factors of 1458587040?
2, 3, 5, 271, 11213
List the prime factors of 522306739.
522306739
What are the prime factors of 500146668?
2, 3, 7, 1984709
What are the prime factors of 175111226?
2, 163, 521, 1031
List the prime factors of 33128245.
5, 71, 93319
List the prime factors of 3134706481.
3134706481
What are the prime factors of 337483805?
5, 67496761
List the prime factors of 158615799.
3, 61, 599, 1447
List the prime factors of 43975235.
5, 8795047
List the prime factors of 75444778.
2, 101, 373489
List the prime factors of 9117613268.
2, 6737, 338341
List the prime factors of 4484601710.
2, 5, 448460171
List the prime factors of 448595100.
2, 3, 5, 498439
List the prime factors of 729511791.
3, 29, 1487, 5639
What are the prime factors of 44847249?
3, 14949083
List the prime factors of 1687778828.
2, 37, 179, 63709
What are the prime factors of 2410307961?
3, 803435987
What are the prime factors of 85430769?
3, 227, 331, 379
What are the prime factors of 161950342?
2, 80975171
List the prime factors of 129294627.
3, 7, 11, 107, 5231
What are the prime factors of 2788556338?
2, 569, 827, 2963
List the prime factors of 51012493.
7, 7287499
List the prime factors of 107856865.
5, 233, 92581
List the prime factors of 277868277.
3, 47, 199, 3301
What are the prime factors of 154964022?
2, 3, 25827337
What are the prime factors of 174578717?
23, 103, 73693
What are the prime factors of 34200604?
2, 349, 24499
List the prime factors of 308114425.
5, 31, 397567
What are the prime factors of 587830759?
19, 30938461
List the prime factors of 276335891.
13, 31, 685697
List the prime factors of 3274731657.
3, 37, 9834029
List the prime factors of 63037746.
2, 3, 41, 229, 373
List the prime factors of 660314478.
2, 3, 110052413
List the prime factors of 835083339.
3, 787, 353699
What are the prime factors of 97543755?
3, 5, 349, 6211
List the prime factors of 21067186.
2, 7, 47, 101, 317
List the prime factors of 22404721.
37, 605533
What are the prime factors of 772160665?
5, 19, 1103, 7369
List the prime factors of 53202948.
2, 3, 97, 45707
What are the prime factors of 442047315?
3, 5, 197, 227, 659
What are the prime factors of 490071087?
3, 11, 17, 29, 3347
List the prime factors of 3938602181.
3938602181
What are the prime factors of 312887588?
2, 13, 31, 67, 2897
List the prime factors of 69330069.
3, 19, 405439
List the prime fa